a(m) = -13*m + 13. Let l(y) = -20*y + 20. Let k(q) = -8*a(q) + 5*l(q). List the prime factors of k(3).
2
List the prime factors of (-8)/(((-40)/(-345))/(-8)).
2, 3, 23
Let f be (6/4)/((-1)/4). Let d be (-6)/6 + f/(-3). Let w = 52 - d. List the prime factors of w.
3, 17
Let x be 17 - 1 - 2 - 2. Let h = x + -12. Suppose 3*w = -6 - h, -5*w - 90 = -5*v. List the prime factors of v.
2
Let d(k) = 79*k**2 + 81*k - 5. List the prime factors of d(5).
5, 19
Let w = 48 + -45. Suppose -d - q + 2*q + 51 = 0, 0 = -d - 3*q + 51. Suppose 85 = 5*i + 2*r, -w*i + 4*r - r = -d. List the prime factors of i.
17
Suppose -3*h - 3*h = -24. Let k = 61 - h. What are the prime factors of k?
3, 19
Let w = -252 + 537. List the prime factors of w.
3, 5, 19
Let u be -6*(-2 - -1)/(-3). What are the prime factors of (18/(-27))/(u/108)?
2, 3
Let w = -34 - -38. List the prime factors of (w - 1) + (-1 + 71)/1.
73
Let b = -5 + -5. Let j(z) = z**3 + 9*z**2 - 15*z - 13. What are the prime factors of j(b)?
37
Let g(k) = 3*k + 36. Let r(t) = t + 18. Let u(i) = -2*g(i) + 5*r(i). Let w be u(15). Suppose -184 = -7*n + w*n. What are the prime factors of n?
2, 23
Let m(z) = -424*z - 229. What are the prime factors of m(-11)?
5, 887
Let m(w) = w**3 - 12*w**2 + 10*w - 30. List the prime factors of m(12).
2, 3, 5
Suppose -8*p - 498 + 4834 = 0. What are the prime factors of p?
2, 271
Let d = -533 + 1984. What are the prime factors of d?
1451
Suppose -2*c = 2*x + 4, -7*c + 2*x + 25 = -2*c. Let q(u) = 4*u + c*u + 4 - 11*u + 2*u. List the prime factors of q(-8).
2, 5
Let q(o) = o**2 - 3*o - 8. Let t be q(4). Let w = 68 + t. List the prime factors of w.
2
Let d = 126 - -130. Suppose 10*c - d = 6*c. What are the prime factors of c?
2
Suppose -2*w = -3*b + w + 36, -4*b - 3*w = -13. Let m be (6/21)/(1/14). Let x = b + m. List the prime factors of x.
11
Let z(k) = 2*k**3 - 7*k**2 + k + 11. Let y = -38 + 43. List the prime factors of z(y).
7, 13
Let s = 3065 - 1511. Suppose s = 9*q - 777. What are the prime factors of q?
7, 37
Suppose 1 + 4 = k. Suppose -3*z + i + 3*i = -28, -5*z = k*i. Suppose -8 = 2*n - z*n. List the prime factors of n.
2
Suppose -27*s = 1383 - 5784. List the prime factors of s.
163
Suppose -a = -2*a + 76. Let m = -74 + a. List the prime factors of m.
2
List the prime factors of 16/20*(86072/16 - 7).
2, 7, 307
What are the prime factors of (6/(-18))/1 + (-2062)/(-3)?
3, 229
Suppose 22*u = 23*u - 26. Let p = u + -23. What are the prime factors of (15 - (1 + -3)) + p?
2, 5
Let x(r) = 2*r + 0*r + 0*r. Suppose -84 - 16 = -10*u. List the prime factors of x(u).
2, 5
Suppose b = -13 + 21. Suppose 0 = -0*o - b*o + 504. What are the prime factors of o?
3, 7
Suppose -4*l - 3*z - 12 = 0, -4*z + 29 = -l + 7. Let k be 16/6*l/4. List the prime factors of 3/2 + (-98)/k.
2, 13
Suppose 0 = 5*q + 25, 4*q + 1051 = 3*a - 2*a. List the prime factors of a.
1031
Let a(m) = m**2 + 3 + m**2 + 3*m + 7*m - 4*m. Let g(z) = 2*z**2 + 7*z + 4. Let s(b) = 7*a(b) - 6*g(b). What are the prime factors of s(4)?
29
Let j(z) = -2 - 5 + 3*z**3 - 2*z - z**2 - 4*z**3. What are the prime factors of j(-4)?
7
Suppose -6*l + 1485 = -423. What are the prime factors of l?
2, 3, 53
Let l = -36 + 70. Let o = 47 - l. What are the prime factors of o?
13
Suppose -4*z - j + 7279 = -6*j, j - 9106 = -5*z. What are the prime factors of z?
3, 607
Let n(p) = -p**3 + 12*p**2 + 4*p - 38. Suppose 5*q = u + 19 + 46, -2*u - 10 = 0. What are the prime factors of n(q)?
2, 5
List the prime factors of 6/(6/977) - 4.
7, 139
Let q(j) = j**3 - 6*j**2 + 5*j + 2. Let n be q(5). Suppose 3*i - 355 = -n*i. Suppose 3*r - i = a, -3*r + 0*a + 55 = -5*a. What are the prime factors of r?
5
Suppose 17 = 3*m + 4*a - 10, -5*m - 3*a = -45. Suppose -3*t + m = 0, -3*z + 3*t + 179 = 8. List the prime factors of z.
2, 3, 5
Let d(a) be the third derivative of 31*a**4/24 + a**3/3 - 27*a**2. What are the prime factors of d(9)?
281
Let q(y) = 862*y**2 - 5*y - 2. What are the prime factors of q(-1)?
5, 173
Suppose 2*b = -2*r + 1438, -725 = -2*b + b - 4*r. What are the prime factors of b/(-2)*76/(-114)?
239
Suppose 343 = 3*l - 119. List the prime factors of l.
2, 7, 11
Let r = 12 - 4. Suppose -3*a + 720 = 3*l, 5*a + 12 = -r. Suppose 4*b - 8*b + l = 0. List the prime factors of b.
61
Let u(n) = -50*n - 15. Let p be u(-8). Let g(w) = -p + 387 + 0*w + 5*w**2 + 2*w. List the prime factors of g(-2).
2, 3
Let l = -59 + 320. List the prime factors of l/18*3*2.
3, 29
Let d be 2/4 - (-1035)/30. Let r = d - 16. List the prime factors of r.
19
Suppose 0 = 110*n - 104*n - 14952. List the prime factors of n.
2, 7, 89
Suppose 0*g + 73 = g. Suppose -f - 2*v = -g, -6*v + v = 2*f - 142. Suppose -4*k + 72 = 4*q, 2*k + f = 4*q + 3*k. What are the prime factors of q?
3, 7
Suppose 0 = 4*m - 1083 - 453. List the prime factors of m.
2, 3
Let y = 146 - -260. List the prime factors of y.
2, 7, 29
Let w(z) = z**3 + 18*z**2 + 8*z - 25. Let f be w(-17). Suppose -c = 4*v - f, c = -v + 24 + 11. What are the prime factors of v?
31
Let u(i) = 43*i**2 + 15*i + 130. What are the prime factors of u(-6)?
2, 397
Suppose 0 = -7*b + b + 12390. What are the prime factors of b?
5, 7, 59
Let l = -927 + 1188. What are the prime factors of l?
3, 29
What are the prime factors of -5 + -1 + -2 + 640?
2, 79
What are the prime factors of ((-3)/(-3))/(3/1341)?
3, 149
Let r be 1 - 1/(((-28)/(-24))/7). List the prime factors of 10/(-3)*(1 + 143/r).
2, 23
Suppose 0 = -u + 20*u - 494. List the prime factors of u.
2, 13
Suppose 138*o = 163*o - 21450. List the prime factors of o.
2, 3, 11, 13
Let p be 1/(-1 - -2) + 44. Suppose v + 5 + 14 = 0. Let n = p + v. What are the prime factors of n?
2, 13
Suppose -4*g + 0*g = o + 56, 4*g - 16 = o. List the prime factors of 8/o + (0 - 2112/(-27)).
2, 3, 13
Suppose -8647 + 1055 = -8*t. List the prime factors of t.
13, 73
Let a(m) = 30*m - 14. Suppose y = 5*y - 40. What are the prime factors of a(y)?
2, 11, 13
Suppose 2*n = -3*t + 1994, 2*n = 3*n + 5. List the prime factors of (31/62)/(2/t).
167
Let k be (-1 + -4 - 23)*-1. Suppose x = -30 + 5. Let i = x + k. List the prime factors of i.
3
Let u(z) = 3*z**2 - 3*z + 3. Let g(q) = -2*q**2 + 18*q - 6. Let c be g(9). Let b be u(c). Suppose 0 = l - 4*l + b. What are the prime factors of l?
43
Let l(a) = 2*a**3 + 13*a - 17*a - a**3 - 3*a**2 - 3 - 3*a**2. What are the prime factors of l(7)?
2, 3
Let f(n) = 10*n - 40. Let c be f(4). Suppose -2*v + 5 - 1 = c, 338 = 2*y - 2*v. What are the prime factors of y?
3, 19
Suppose -p - z + 5*z + 8 = 0, 0 = 5*p + 3*z - 17. Suppose 5*f = 3*y - 265, -4*f = -p - 12. Let k = -42 + y. What are the prime factors of k?
53
Suppose 8*l - 5888 = 304. What are the prime factors of l?
2, 3, 43
Let a = -11 + 50. Let u = a - 22. List the prime factors of u.
17
Let f be ((25 - 37) + (-5)/(-1))*1. Let c(z) = z**2 + 1 - 4*z + 0 + 9*z. List the prime factors of c(f).
3, 5
Let m be -326*3*3/18. Let r = -89 - m. What are the prime factors of r?
2, 37
Suppose -1607 = -2*y - 3*h, -4*h - 668 - 163 = -y. List the prime factors of y.
811
Suppose 4*f = 5*j - 1215, 3*j + 0*f = -5*f + 766. What are the prime factors of j?
13, 19
Let y be (-10)/4 + 1/2. Suppose 0 = -4*o - 5*s + 89 + 4, 0 = o - 4*s - 18. Let i = y + o. What are the prime factors of i?
2, 5
Suppose -2*s - 2*v + v = -206, -194 = -2*s + 5*v. Let y = s + -30. List the prime factors of ((-45)/30)/((-2)/y).
2, 3
Suppose 0*w - w + 4 = 0. Suppose -630 = w*n - 14*n. What are the prime factors of n?
3, 7
Let j = 45 + -40. Suppose -j*p = 5*m - 10, 5*p + 10 = 2*m + p. What are the prime factors of m?
3
Let s(f) = -17*f - 74. List the prime factors of s(-6).
2, 7
Suppose -3 - 36 = -u. List the prime factors of u.
3, 13
Let v be 9/4 - 3 - (-3)/(-12). Let q(b) = 6*b**2 - 4*b - 2. What are the prime factors of q(v)?
2
Suppose -8683 = 14*y - 33*y. List the prime factors of y.
457
Let r(g) = -g**2 + 15*g + 6. Let m be 1/(1/15) - 1. Let q be 12/42 + 150/m. What are the prime factors of r(q)?
2, 5
List the prime factors of 685 - (60/(-10) + 1 + 5).
5, 137
Let k(r) = 16*r - 14. Let t be (-5)/(10/15 - 1). What are the prime factors of k(t)?
2, 113
Let l = 297 + -72. List the prime factors of l.
3, 5
Let h be 16/(-88) + (-2)/(-11). Suppose 4*v + 2*w = -4, -2*w + h = 4. Suppose -4*m + 12 = 0, 2